
Let b = -38 + 73. Suppose -b = -4*f + 3*g, -2*f + g + 4 = -15. Let q = 51 + 4. Calculate the highest common factor of q and f.
11
Let a be 6/16*(-10)/15 + (-64488)/(-32). Calculate the highest common factor of a and 186.
31
Let j(k) = 8*k**3 + 4*k**2 + 19*k + 20. Let s be j(8). What is the highest common divisor of 24 and s?
12
Let b be 9 - (12894/8)/(79/(-1580)). What is the highest common factor of 24 and b?
12
Let w(l) be the third derivative of l**6/120 - 11*l**5/20 + 17*l**4/12 - 23*l**3/3 + 123*l**2. Let i be w(32). Calculate the highest common factor of 66 and i.
6
Let z be 2*((-5)/(-30) + 439/3). Let r = z - 287. What is the greatest common factor of 27 and r?
3
Let s = 39340 - 16020. Calculate the greatest common divisor of s and 176.
88
Let s(w) = -w**3 + 12*w**2 - 13*w - 10. Let c be s(10). Let m be 20/30 - (-6440)/60. Calculate the greatest common divisor of c and m.
12
Let g(x) = 2*x**3 + 40*x**2 + 68*x - 20. Let a be g(-18). Let d be 2*4*1/2. What is the greatest common factor of a and d?
4
Let z = -75 - -107. Suppose 0 = -5*h + 4*c + 78, 2*c - 7*c = 3*h - z. Let r be (4 - -10)*4/h. Calculate the highest common divisor of r and 2.
2
Let k = 7225 + -6793. Calculate the greatest common divisor of k and 768.
48
Let x = -342 + 2608. What is the highest common divisor of x and 515?
103
Let q = 47121 - 46730. Suppose m + 3*b - 8 = 0, -m + 2*b + 5 = -28. Calculate the greatest common divisor of q and m.
23
Suppose 57*v = 204894 - 80639 + 286316. What is the highest common factor of v and 147?
147
Let s(m) = 6138*m + 104349. Let b be s(-17). Suppose -k + 0 = 6. Let i = -3 - k. Calculate the greatest common factor of b and i.
3
Let v(c) = 24*c - 3*c**3 + 4*c**3 - 21*c + 3 + 5*c**2. Let d be v(-3). Let n(y) = -8*y + 76. Let l be n(-4). Calculate the greatest common factor of l and d.
12
Let v be ((-1)/(-1 + -1))/((-22)/(-880)). Let k be (3 + 2/2 + -2)*v. Calculate the greatest common factor of 760 and k.
40
Let x(t) = t**3 - 15*t**2 + 3*t + 12. Let c be x(14). Let m = c - -152. Calculate the highest common divisor of m and 10.
10
Let w = 17 - 2. Let k(y) = -2*y**2 + 1495*y - 81223. Let f be k(59). Calculate the highest common factor of f and w.
5
Let r(h) = -82*h**3 + 4*h**2 - 46*h - 2. Let c be r(-5). What is the greatest common factor of 738 and c?
246
Let i = 11 + -7. Let x be (1 - 2/i)*26. Suppose 2*d + 23*u - 21*u - 348 = 0, 5*d - 830 = 3*u. Calculate the highest common factor of d and x.
13
Let x(c) = 2*c**2 + 11*c + 6. Let r be x(-10). Let f be 816/(-64)*(-2 - -6)*-1. Let k = r - f. What is the highest common factor of k and 9?
9
Suppose -112*q + 335*q = 103026. Calculate the highest common factor of q and 132.
66
Let q be 3/21 + 5 + 3/(-21). Suppose 48 = 11*a - q*a. Suppose 2 = -2*s - 0, 3*y - 11 = 5*s. What is the highest common factor of y and a?
2
Let t(q) = 43*q + 1258. Let n be t(-28). Calculate the greatest common factor of 396 and n.
18
Let x be 1/((-5)/(-20)) + -108*1. Suppose y + 111 = -2*b + b, y = 2*b + 222. Let c = x - b. Calculate the highest common divisor of c and 77.
7
Suppose -2182 + 1729 = -137*n + 2287. What is the greatest common factor of n and 5380?
20
Suppose -u + 1509 = 2*u. Suppose -j + 125 = d, j + 0*j - u = -4*d. Let h(n) = 5*n + 3. Let s be h(3). What is the highest common factor of s and d?
18
Let w(u) = -52*u + 1468. Let s be w(12). Calculate the highest common divisor of s and 3165.
211
Let y(b) = b**3 + 17*b**2 + 3*b + 34. Let t be y(-15). Let o = t + -436. Calculate the greatest common divisor of 5 and o.
1
Suppose 3 = 2*a - 3. Let v be 0/2 + 0 - (-165)/a. Let b = v - 22. Calculate the highest common divisor of b and 297.
33
Let m(j) = 29*j - 1. Suppose -l + 6 = 9*r - 4*r, -5*r + 4*l = -26. Let g be m(r). Let i = 64 - g. Calculate the highest common factor of i and 49.
7
Let a = -3024 + 3222. Calculate the highest common factor of 88 and a.
22
Suppose -5*n - 255 = 3*x - 5*x, -4*x + 455 = n. Suppose -56 = -3*v + 5*r - 0*r, -5*v + 4*r + x = 0. What is the highest common divisor of v and 216?
27
Let m = 196 + -122. Let k(o) = -693*o + 37. Let y be k(0). What is the greatest common factor of y and m?
37
Let g(b) = 3*b + 27. Let s be g(-9). Suppose y + 238 = -4*k, 4*k + 236 = -s*k - 2*y. Let j = 63 + k. Calculate the highest common divisor of j and 2.
1
Suppose -4*v - 25*v + 228 = 28*v. What is the highest common divisor of 109 and v?
1
Suppose -4*l - 1183 = -78*l - 17*l. What is the greatest common factor of l and 299?
13
Suppose 0 = -21*g + 371 - 119. Calculate the greatest common divisor of g and 1110.
6
Let z be (-6590)/(-70) - -3 - 2/14. Suppose 90*l + 266 = z*l. What is the greatest common divisor of l and 57?
19
Let g be -5 + (-52)/(-6)*(-204)/(-136). What is the greatest common divisor of 3832 and g?
8
Let j(p) = -2*p**3 - 6*p**2 - 4*p + 4. Let h be j(-6). Suppose -h = -27*g + 269. Calculate the greatest common divisor of 2 and g.
1
Let r(j) be the second derivative of -j**3/2 - 6*j**2 + j. Let s be r(-9). Let m(q) = -2*q + 135. Let u be m(0). What is the greatest common divisor of u and s?
15
Let w = 34 - -41. Let r be -2*(1 + (2 - 1)). Let l be r/(-10)*-1 - 504/(-10). Calculate the greatest common factor of l and w.
25
Let i be (-233 - 0)/(((-6)/3)/2). Suppose -6*f + 355 + i = 0. Let p = f - 78. Calculate the highest common divisor of p and 4.
4
Suppose -f - 4*r = 5 - 1, -f + 14 = -5*r. Suppose z - f = 4. Let u = 11 - 3. What is the highest common factor of z and u?
8
Suppose 22*j + 9*j = 801 + 5. Let n be (-6)/10 - (-4571)/35. What is the greatest common divisor of j and n?
26
Suppose -5*k = -4574 + 339. Suppose -k - 530 = -27*t. Suppose o - 4*h = 30, 2*o + 2*h + 134 = 6*o. What is the highest common divisor of t and o?
17
Suppose -43*f = -41*f - 24. Suppose -2271 + 171 = -f*r. Calculate the highest common factor of r and 140.
35
Let o(t) = t**2 - 19*t + 284. Let c be o(12). What is the highest common factor of 920 and c?
40
Suppose 0 = 304*y - 402 - 2361 - 2101. Let o = 67 - 27. What is the greatest common factor of y and o?
8
Let s be (-1 + -3 + (-52)/(-14))/((-3)/273). Suppose 204 + 394 = 2*n. What is the greatest common factor of n and s?
13
Let x(i) = 5*i**3 - 2*i**2 + 5*i. Let s be x(2). Let c(d) = -d**2 - 14*d - 18. Let j = 20 - 32. Let w be c(j). What is the highest common factor of w and s?
6
Suppose -c + 492*h - 487*h + 58 = 0, 2*c - 25 = -3*h. Let q = -665 + 987. Calculate the greatest common factor of q and c.
23
Let z(v) = -27*v + 159. Let l be z(14). Let k = l + 283. What is the greatest common factor of 48 and k?
16
Let o(s) = -217*s + 354. Let d be o(-8). Calculate the highest common divisor of 285 and d.
95
Let g(k) be the second derivative of k**5/20 + 2*k**4/3 - 4*k**3/3 - 5*k**2 + 35*k. Let z be g(-4). What is the highest common factor of z and 129?
43
Suppose 3*v - 56*l + 55*l - 190 = 0, 4*v - 285 = -5*l. Let x be (-8)/(1 - (-1)/(-2)). Let s = 10 - x. Calculate the greatest common factor of s and v.
13
Suppose -272 + 281 = u. Calculate the highest common factor of 3033 and u.
9
Suppose 21*n = 1980 - 405. What is the highest common factor of n and 33?
3
Suppose 0 = 5*g - 3*t - 88, 44 = 2*g + 13*t - 12*t. Calculate the greatest common divisor of g and 1890.
10
Let m(s) = 36*s + 179. Let j be m(-5). Let o be j*(4 - 1) + 25. Calculate the greatest common factor of 6 and o.
2
Suppose -58*m + 25250 + 11754 = 0. What is the highest common divisor of 77 and m?
11
Let d(q) = 33*q + 113. Let s be d(-3). Let z be 38*2 + -8 + 9. Calculate the highest common factor of z and s.
7
Let l = -8327 - -8759. What is the greatest common divisor of 6192 and l?
144
Let u = -141 + 65. Let n(c) = -25*c + 224. Let y be n(13). Let s = u - y. What is the highest common divisor of 75 and s?
25
Let j be 40*(28/(-126) + 26/36). Suppose 10*n - 9*n = -6. Let p be ((-90)/12)/(n/128). What is the greatest common factor of j and p?
20
Let p = 252 - 250. Suppose 0 = -p*y - 4*k + 778, 3*y = k + 881 + 272. Calculate the greatest common divisor of y and 70.
35
Let c(v) be the second derivative of -v**3/6 + 31*v**2/2 + 7*v. Let u be c(11). Let b be 1 + 0 + (5 - 4) + u. Calculate the greatest common factor of 154 and b.
22
Let t = 840 + -838. Suppose -t*j + 988 + 134 = 0. What is the greatest common factor o